nds digit of 1201347016?
3
What is the hundred thousands digit of 719054931?
0
What is the ten thousands digit of 522965206?
6
What is the ten thousands digit of 1359734082?
3
What is the millions digit of 3981860006?
1
What is the millions digit of 3587593846?
7
What is the ten thousands digit of 107298262?
9
What is the hundreds digit of 93969407?
4
What is the hundred millions digit of 172548711?
1
What is the billions digit of 6747325222?
6
What is the tens digit of 38127497?
9
What is the ten thousands digit of 2437755599?
5
What is the ten millions digit of 18504149?
1
What is the ten thousands digit of 34640192?
4
What is the millions digit of 243852728?
3
What is the ten millions digit of 72178151?
7
What is the thousands digit of 222773?
2
What is the hundreds digit of 12182405?
4
What is the hundreds digit of 1207223789?
7
What is the ten millions digit of 811643078?
1
What is the hundred millions digit of 311537858?
3
What is the tens digit of 214134179?
7
What is the thousands digit of 70704190?
4
What is the millions digit of 41542904?
1
What is the billions digit of 1851774330?
1
What is the hundreds digit of 665593002?
0
What is the thousands digit of 51743489?
3
What is the millions digit of 42934555?
2
What is the ten millions digit of 1400855623?
0
What is the thousands digit of 1054041105?
1
What is the ten millions digit of 12642028?
1
What is the hundred thousands digit of 962616016?
6
What is the ten thousands digit of 677571965?
7
What is the billions digit of 9221152292?
9
What is the thousands digit of 5186596?
6
What is the millions digit of 3546271862?
6
What is the units digit of 23648446?
6
What is the ten millions digit of 516843712?
1
What is the units digit of 115070779?
9
What is the ten millions digit of 83040307?
8
What is the hundred thousands digit of 490852466?
8
What is the millions digit of 1413425?
1
What is the millions digit of 97396484?
7
What is the ten millions digit of 1297542001?
9
What is the tens digit of 269744174?
7
What is the ten millions digit of 365504661?
6
What is the tens digit of 62444980?
8
What is the hundred millions digit of 1591964699?
5
What is the millions digit of 1072684346?
2
What is the tens digit of 3102571830?
3
What is the thousands digit of 26622233?
2
What is the ten thousands digit of 142695031?
9
What is the thousands digit of 1263980805?
0
What is the hundreds digit of 179003324?
3
What is the millions digit of 758285731?
8
What is the hundred millions digit of 282086850?
2
What is the ten thousands digit of 73431918?
3
What is the ten millions digit of 583647947?
8
What is the hundreds digit of 1483083948?
9
What is the units digit of 215143049?
9
What is the hundred millions digit of 4462228632?
4
What is the hundred thousands digit of 16915067?
9
What is the billions digit of 4022744069?
4
What is the ten thousands digit of 53044313?
4
What is the tens digit of 52410034?
3
What is the hundreds digit of 97125041?
0
What is the hundred thousands digit of 347595457?
5
What is the ten thousands digit of 436759218?
5
What is the units digit of 38661923?
3
What is the units digit of 112687451?
1
What is the hundred thousands digit of 21146814?
1
What is the tens digit of 34152751?
5
What is the ten thousands digit of 130959013?
5
What is the hundred millions digit of 301500643?
3
What is the tens digit of 5019052?
5
What is the hundreds digit of 266790712?
7
What is the hundred thousands digit of 36721685?
7
What is the ten thousands digit of 54969742?
6
What is the millions digit of 72730905?
2
What is the thousands digit of 51486953?
6
What is the hundred thousands digit of 3743034?
7
What is the ten millions digit of 359940943?
5
What is the hundreds digit of 894813293?
2
What is the ten millions digit of 156585638?
5
What is the thousands digit of 238618797?
8
What is the tens digit of 915816728?
2
What is the units digit of 4046022791?
1
What is the ten millions digit of 1355965845?
5
What is the thousands digit of 30713247?
3
What is the tens digit of 19223086?
8
What is the hundreds digit of 36029267?
2
What is the hundreds digit of 113227870?
8
What is the hundred millions digit of 124832346?
1
What is the ten thousands digit of 61701296?
0
What is the hundreds digit of 19150064?
0
What is the hundred millions digit of 3007561766?
0
What is the ten thousands digit of 50755937?
5
What is the hundreds digit of 539484986?
9
What is the hundred thousands digit of 1524463103?
4
What is the hundreds digit of 358564239?
2
What is the tens digit of 11248527?
2
What is the ten thousands digit of 1547924017?
2
What is the hundred thousands digit of 1234632234?
6
What is the hundreds digit of 357092586?
5
What is the hundreds digit of 790055160?
1
What is the tens digit of 1534905020?
2
What is the ten thousands digit of 1915542?
1
What is the billions digit of 1806314061?
1
What is the ten millions digit of 281716369?
8
What is the ten millions digit of 118108053?
1
What is the ten thousands digit of 31723078?
2
What is the units digit of 15071952?
2
What is the tens digit of 1234695989?
8
What is the units digit of 1071632118?
8
What is the ten thousands digit of 111516479?
1
What is the thousands digit of 58818123?
8
What is the ten thousands digit of 1810833746?
3
What is the hundreds digit of 648641731?
7
What is the hundreds digit of 3009887180?
1
What is the units digit of 384525117?
7
What is the thousands digit of 56554696?
4
What is the hundred thousands digit of 659100464?
1
What is the ten millions digit of 868964597?
6
What is the hundreds digit of 57293360?
3
What is the ten millions digit of 356317691?
5
What is the millions digit of 42079864?
2
What is the units digit of 2758860?
0
What is the millions digit of 220141469?
0
What is the millions digit of 529785630?
9
What is the billions digit of 4172603687?
4
What is the ten millions digit of 1777174740?
7
What is the thousands digit of 41892461?
2
What is the tens digit of 188451522?
2
What is the hundred thousands digit of 854196001?
1
What is the hundreds digit of 80594622?
6
What is the units digit of 4609695992?
2
What is the hundred thousands digit of 31026266?
0
What is the hundreds digit of 912071467?
4
What is the units digit of 10188729?
9
What is the millions digit of 231457821?
1
What is the hundred millions digit of 1418371933?
4
What is the hundreds digit of 177322719?
7
What is the hundreds digit of 1039417232?
2
What is the units digit of 3140168859?
9
What is the ten millions digit of 20649748?
2
What is the thousands digit of 621940086?
0
What is the units digit of 11358054?
4
What is the ten thousands digit of 637727621?
2
What is the ten thousands digit of 131132246?
3
What is the millions digit of 51702086?
1
What is the millions digit of 38187247?
8
What is the millions digit of 59151342?
9
What is the ten millions digit of 7708326402?
0
What is the billions digit of 1862700799?
1
What is the billions digit of 6886670667?
6
What is the millions digit of 5352673313?
2
What is the thousands digit of 126624325?
4
What is the tens digit of 1930747537?
3
What is the hundreds digit of 547920948?
9
What is the ten millions digit of 76149867?
7
What is the hundred thousands digit of 70660151?
6
What is the tens digit of 60601152?
5
What is the hundred thousands digit of 39280084?
2
What is the hundreds digit of 2567046092?
0
What is the units digit of 1069140767?
7
What is the ten millions digit of 385252761?
8
What is the units digit of 20180559?
9
What is the ten thousands digit of 724522042?
2
What is the thousands digit of 68293997?
3
What is the units digit of 136367988?
8
What is the hundred thousands digit of 63175961?
1
What is the hundred millions digit of 455984199?
4
What is the hundred thousands digit of 15581485?
5
What is the units digit of 120055662?
2
What is the hundred thousands digit of 1188342961?
3
What is the units digit of 639438916?
6
What is the thousands digit of 2263659?
3
What is the units digit of 361288619?
9
What is the tens digit of 314825536?
3
What is the hundred thousands digit of 18453677?
4
What is the hundred millions digit of 322866944?
3
What is the hundred thousands digit of 19368190?
3
What is the tens digit of 1491417123?
2
What is the hundreds 